e prime factors of 92370.
2, 3, 5, 3079
List the prime factors of 698.
2, 349
What are the prime factors of 35691?
3, 11897
What are the prime factors of 6481?
6481
List the prime factors of 1647.
3, 61
List the prime factors of 2990.
2, 5, 13, 23
List the prime factors of 6212.
2, 1553
What are the prime factors of 14224?
2, 7, 127
List the prime factors of 4706.
2, 13, 181
List the prime factors of 1204.
2, 7, 43
List the prime factors of 65922.
2, 3, 10987
List the prime factors of 45003.
3, 7, 2143
What are the prime factors of 4578?
2, 3, 7, 109
List the prime factors of 32128.
2, 251
List the prime factors of 5398.
2, 2699
What are the prime factors of 18915?
3, 5, 13, 97
What are the prime factors of 7369?
7369
List the prime factors of 28546.
2, 7, 2039
What are the prime factors of 294?
2, 3, 7
List the prime factors of 72139.
72139
What are the prime factors of 31566?
2, 3, 5261
List the prime factors of 752.
2, 47
List the prime factors of 175.
5, 7
List the prime factors of 775.
5, 31
List the prime factors of 133828.
2, 33457
List the prime factors of 1486.
2, 743
What are the prime factors of 54648?
2, 3, 11, 23
What are the prime factors of 4109?
7, 587
List the prime factors of 5426.
2, 2713
What are the prime factors of 77264?
2, 11, 439
What are the prime factors of 15720?
2, 3, 5, 131
What are the prime factors of 129324?
2, 3, 13, 829
List the prime factors of 2137.
2137
List the prime factors of 40383.
3, 7, 641
List the prime factors of 2001.
3, 23, 29
List the prime factors of 5582.
2, 2791
List the prime factors of 5804.
2, 1451
What are the prime factors of 1887?
3, 17, 37
What are the prime factors of 14578?
2, 37, 197
List the prime factors of 1432.
2, 179
What are the prime factors of 2608?
2, 163
What are the prime factors of 5112?
2, 3, 71
List the prime factors of 542.
2, 271
What are the prime factors of 1041?
3, 347
What are the prime factors of 1931?
1931
What are the prime factors of 791?
7, 113
List the prime factors of 632.
2, 79
List the prime factors of 1311.
3, 19, 23
List the prime factors of 1453.
1453
What are the prime factors of 5246?
2, 43, 61
List the prime factors of 24053.
67, 359
What are the prime factors of 1876?
2, 7, 67
List the prime factors of 11.
11
What are the prime factors of 1285?
5, 257
List the prime factors of 37187.
41, 907
List the prime factors of 88.
2, 11
List the prime factors of 5247.
3, 11, 53
List the prime factors of 11381.
19, 599
What are the prime factors of 2828?
2, 7, 101
List the prime factors of 51.
3, 17
List the prime factors of 3799.
29, 131
List the prime factors of 8031.
3, 2677
What are the prime factors of 784?
2, 7
What are the prime factors of 667?
23, 29
List the prime factors of 728.
2, 7, 13
List the prime factors of 19000.
2, 5, 19
List the prime factors of 1962.
2, 3, 109
List the prime factors of 8884.
2, 2221
What are the prime factors of 1012?
2, 11, 23
What are the prime factors of 1303?
1303
What are the prime factors of 1143?
3, 127
What are the prime factors of 1770?
2, 3, 5, 59
List the prime factors of 2499.
3, 7, 17
List the prime factors of 3321.
3, 41
List the prime factors of 10340.
2, 5, 11, 47
What are the prime factors of 4639?
4639
List the prime factors of 2138.
2, 1069
What are the prime factors of 6026?
2, 23, 131
List the prime factors of 1173.
3, 17, 23
List the prime factors of 1439.
1439
What are the prime factors of 590?
2, 5, 59
List the prime factors of 2508.
2, 3, 11, 19
List the prime factors of 16751.
7, 2393
What are the prime factors of 3009?
3, 17, 59
What are the prime factors of 1037?
17, 61
List the prime factors of 41063.
11, 3733
List the prime factors of 622.
2, 311
List the prime factors of 1855.
5, 7, 53
What are the prime factors of 18152?
2, 2269
List the prime factors of 1437.
3, 479
What are the prime factors of 238?
2, 7, 17
What are the prime factors of 1186?
2, 593
List the prime factors of 6941.
11, 631
What are the prime factors of 2117?
29, 73
List the prime factors of 1247.
29, 43
List the prime factors of 47740.
2, 5, 7, 11, 31
List the prime factors of 3527.
3527
List the prime factors of 3951.
3, 439
List the prime factors of 9695.
5, 7, 277
What are the prime factors of 825?
3, 5, 11
List the prime factors of 5194.
2, 7, 53
What are the prime factors of 365?
5, 73
What are the prime factors of 1440?
2, 3, 5
List the prime factors of 74.
2, 37
List the prime factors of 4419.
3, 491
What are the prime factors of 12868?
2, 3217
What are the prime factors of 38797?
11, 3527
List the prime factors of 1180.
2, 5, 59
List the prime factors of 94083.
3, 11, 2851
What are the prime factors of 5526?
2, 3, 307
What are the prime factors of 3483?
3, 43
List the prime factors of 13335.
3, 5, 7, 127
List the prime factors of 8.
2
List the prime factors of 1855.
5, 7, 53
What are the prime factors of 1273?
19, 67
What are the prime factors of 123906?
2, 3, 107, 193
List the prime factors of 3928.
2, 491
What are the prime factors of 1393?
7, 199
List the prime factors of 132.
2, 3, 11
What are the prime factors of 3000?
2, 3, 5
What are the prime factors of 44754?
2, 3, 7459
What are the prime factors of 486?
2, 3
List the prime factors of 185.
5, 37
List the prime factors of 18780.
2, 3, 5, 313
List the prime factors of 1995.
3, 5, 7, 19
List the prime factors of 7314.
2, 3, 23, 53
List the prime factors of 17736.
2, 3, 739
What are the prime factors of 1246?
2, 7, 89
List the prime factors of 1226.
2, 613
What are the prime factors of 77?
7, 11
List the prime factors of 1591.
37, 43
What are the prime factors of 12582?
2, 3, 233
List the prime factors of 13817.
41, 337
List the prime factors of 2916.
2, 3
What are the prime factors of 3015?
3, 5, 67
List the prime factors of 15748.
2, 31, 127
List the prime factors of 14071.
14071
What are the prime factors of 6370?
2, 5, 7, 13
What are the prime factors of 3140?
2, 5, 157
List the prime factors of 19551.
3, 7, 19
List the prime factors of 361.
19
What are the prime factors of 34524?
2, 3, 7, 137
List the prime factors of 4063.
17, 239
List the prime factors of 4585.
5, 7, 131
What are the prime factors of 21761?
47, 463
What are the prime factors of 5046?
2, 3, 29
List the prime factors of 2841.
3, 947
What are the prime factors of 72901?
72901
What are the prime factors of 2473?
2473
List the prime factors of 959.
7, 137
What are the prime factors of 1792?
2, 7
What are the prime factors of 1161?
3, 43
What are the prime factors of 11472?
2, 3, 239
List the prime factors of 4407.
3, 13, 113
List the prime factors of 4273.
4273
List the prime factors of 662.
2, 331
List the prime factors of 33340.
2, 5, 1667
What are the prime factors of 1353?
3, 11, 41
List the prime factors of 2171.
13, 167
What are the prime factors of 1208?
2, 151
What are the prime factors of 851?
23, 37
What are the prime factors of 3306?
2, 3, 19, 29
List the prime factors of 805.
5, 7, 23
What are the prime factors of 25688?
2, 13, 19
What are the prime factors of 3317?
31, 107
List the prime factors of 5800.
2, 5, 29
What are the prime factors of 1228?
2, 307
List the prime factors of 1755.
3, 5, 13
List the prime factors of 1660.
2, 5, 83
List the prime factors of 46140.
2, 3, 5, 769
List the prime factors of 3358.
2, 23, 73
What are the prime factors of 6492?
2, 3, 541
List the prime factors of 42617.
19, 2243
List the prime factors of 1643.
31, 53
List the prime factors of 10137.
3, 31, 109
What are the prime factors of 44378?
2, 22189
List the prime factors of 13639.
23, 593
List the prime factors of 173521.
73, 2377
List the prime factors of 14053.
13, 23, 47
What are the prime factors of 25602?
2, 3, 17, 251
List the prime factors of 976.
2, 61
List the prime factors of 1192.
2, 149
List the prime factors of 13039.
13, 17, 59
List the prime factors of 5683.
5683
What are the prime factors of 10114?
2, 13, 389
List the prime factors of 3870.
2, 3, 5, 43
List the prime factors of 12984.
2, 3, 541
What are the prime factors of 431?
431
List the prime factors of 1271.
31, 41
What are the prime factors of 773?
773
List the prime factors of 889.
7, 127
What are the prime factors of 11062?
2, 5531
What are the prime factors of 426?
2, 3, 71
What are the prime factors of 26194?
